{"id":3097,"date":"2020-07-29T07:08:46","date_gmt":"2020-07-29T07:08:46","guid":{"rendered":"https:\/\/startersites.io\/blocksy\/blog\/?page_id=3097"},"modified":"2026-03-09T05:50:51","modified_gmt":"2026-03-09T04:50:51","slug":"o-goniec-info","status":"publish","type":"page","link":"https:\/\/Goniec.INFO\/?page_id=3097","title":{"rendered":"O nas"},"content":{"rendered":"\n<div class=\"wp-block-stackable-hero alignfull stk-block-hero stk-block stk-6b42142 is-style-default\" data-v=\"2\" data-block-id=\"6b42142\"><style>.stk-6b42142-inner-blocks{justify-content:center !important;}.stk-6b42142 {margin-bottom:130px !important;}.stk-6b42142-container{background-image:url(https:\/\/sex-wasmer-app-deployments.wasmer.app\/wp-content\/uploads\/2020\/01\/john-moeses-bauan-EiwfpX6mh1w-unsplash.jpg) !important;box-shadow:none !important;}.stk-6b42142 .stk-block-hero__content{min-height:500px !important;align-items:center !important;display:flex !important;}@media screen and (max-width:999px){.stk-6b42142 {margin-bottom:80px !important;}}@media screen and (max-width:689px){.stk-6b42142 {margin-bottom:35px !important;}}<\/style><div class=\"stk-block-hero__content stk-content-align stk-6b42142-column alignfull stk-container stk-6b42142-container stk-hover-parent stk--has-background-overlay\"><div class=\"stk-block-content stk-inner-blocks has-text-align-center stk--column-flex stk-6b42142-inner-blocks\">\n<div class=\"wp-block-stackable-heading stk-block-heading stk-block-heading--v2 stk-block stk-fc051d0\" id=\"o-goniec-info\" data-block-id=\"fc051d0\"><style>.stk-fc051d0 .stk-block-heading__text{font-size:55px !important;font-weight:900 !important;}@media screen and (max-width:999px){.stk-fc051d0 .stk-block-heading__text{font-size:40px !important;}}<\/style><h1 class=\"stk-block-heading__text\">O goniec.info<\/h1><\/div>\n\n\n\n<div class=\"wp-block-stackable-text stk-block-text stk-block stk-26444a0\" data-block-id=\"26444a0\"><style>.stk-26444a0 {max-width:600px !important;min-width:auto !important;}<\/style><p class=\"stk-block-text__text\">goniec.info to serwis na \u0142amach kt\u00f3rego piszemy jak jest. Interesuje nas prawda &#8211; ca\u0142a prawda i tylko prawda. Na goniec.info znajdziesz teksty wraz materia\u0142ami \u017ar\u00f3d\u0142owymi, kt\u00f3rych inne serwisy nie maj\u0105 odwagi publikowa\u0107<\/p><\/div>\n<\/div><\/div><\/div>\n\n\n\n<div class=\"wp-block-stackable-columns stk-block-columns stk-block stk-2985079\" data-block-id=\"2985079\"><style>.stk-2985079 {margin-bottom:130px !important;}.stk-2985079-column{--stk-columns-spacing:0px !important;--stk-column-gap:35px !important;row-gap:35px !important;}@media screen and (max-width:999px){.stk-2985079 {margin-bottom:80px !important;}}@media screen and (max-width:689px){.stk-2985079 {margin-bottom:35px !important;}}<\/style><div class=\"stk-row stk-inner-blocks stk-block-content stk-content-align stk-2985079-column\">\n<div class=\"wp-block-stackable-column stk-block-column stk-column stk-block stk-127e965\" data-v=\"4\" data-block-id=\"127e965\"><div class=\"stk-column-wrapper stk-block-column__content stk-container stk-127e965-container stk--no-background stk--no-padding\"><div class=\"stk-block-content stk-inner-blocks stk-127e965-inner-blocks\"><\/div><\/div><\/div>\n\n\n\n<div class=\"wp-block-stackable-column stk-block-column stk-column stk-block stk-95b0b0a\" data-v=\"4\" data-block-id=\"95b0b0a\"><div class=\"stk-column-wrapper stk-block-column__content stk-container stk-95b0b0a-container stk--no-background stk--no-padding\"><div class=\"stk-block-content stk-inner-blocks stk-95b0b0a-inner-blocks\"><\/div><\/div><\/div>\n\n\n\n<div class=\"wp-block-stackable-column stk-block-column stk-column stk-block stk-72e2fd0\" data-v=\"4\" data-block-id=\"72e2fd0\"><div class=\"stk-column-wrapper stk-block-column__content stk-container stk-72e2fd0-container stk--no-background stk--no-padding\"><div class=\"stk-block-content stk-inner-blocks stk-72e2fd0-inner-blocks\"><\/div><\/div><\/div>\n<\/div><\/div>\n\n\n\n<div class=\"wp-block-stackable-hero stk-block-hero stk-block stk-c768c39 is-style-default\" data-v=\"2\" data-block-id=\"c768c39\"><style>.stk-c768c39-inner-blocks{justify-content:center !important;}.stk-c768c39 {border-top-left-radius:12px !important;border-top-right-radius:12px !important;border-bottom-right-radius:12px !important;border-bottom-left-radius:12px !important;overflow:hidden !important;box-shadow:0px 10px 30px #0000000d !important;margin-bottom:50px !important;}.stk-c768c39-container{background-color:#f8f9fb !important;background-image:url(https:\/\/sex-wasmer-app-deployments.wasmer.app\/wp-content\/uploads\/2020\/01\/christian-perner-UKLIuV8rAks-unsplash.jpg) !important;}.stk-c768c39-container:before{background-color:#f8f9fb !important;opacity:0.6 !important;}.stk-c768c39 .stk-block-hero__content{min-height:500px !important;align-items:center !important;display:flex !important;}<\/style><div class=\"stk-block-hero__content stk-content-align stk-c768c39-column stk-container stk-c768c39-container stk-hover-parent stk--has-background-overlay\"><div class=\"stk-block-content stk-inner-blocks has-text-align-center stk--column-flex stk-c768c39-inner-blocks\">\n<div class=\"wp-block-stackable-heading stk-block-heading stk-block-heading--v2 stk-block stk-0123576\" id=\"dolacz-do-nas\" data-block-id=\"0123576\"><style>.stk-0123576 {margin-bottom:16px !important;}<\/style><h2 class=\"stk-block-heading__text\">Do\u0142\u0105cz do nas<\/h2><\/div>\n\n\n\n<div class=\"wp-block-stackable-text stk-block-text stk-block stk-7915680\" data-block-id=\"7915680\"><style>.stk-7915680 {max-width:600px !important;min-width:auto !important;margin-right:auto !important;margin-left:auto !important;}<\/style><p class=\"stk-block-text__text has-text-align-center\">Fascynuje Ci\u0119 prawda? Umiesz pisa\u0107, nagrywa\u0107, rozmawia\u0107 z lud\u017ami, pozyskiwa\u0107 informacje? Do\u0142\u0105cz do goniec.info!<\/p><\/div>\n\n\n\n<div class=\"wp-block-stackable-button-group stk-block-button-group stk-block stk-52c436d\" data-block-id=\"52c436d\"><div class=\"stk-row stk-inner-blocks stk-block-content stk-button-group\">\n<div class=\"wp-block-stackable-button stk-block-button stk-block stk-bc2e48b\" data-block-id=\"bc2e48b\"><a class=\"stk-link stk-button stk--hover-effect-darken\" href=\"\"><span class=\"stk-button__inner-text\">Wsp\u00f3\u0142pracuj z goniec.info<\/span><\/a><\/div>\n<\/div><\/div>\n<\/div><\/div><\/div>\n","protected":false},"excerpt":{"rendered":"<p>O goniec.info goniec.info to serwis na \u0142amach kt\u00f3rego piszemy jak jest. Interesuje nas prawda &#8211; ca\u0142a prawda i tylko prawda. Na goniec.info znajdziesz teksty wraz materia\u0142ami \u017ar\u00f3d\u0142owymi, kt\u00f3rych inne serwisy nie maj\u0105 odwagi publikowa\u0107 Do\u0142\u0105cz do nas Fascynuje Ci\u0119 prawda? Umiesz pisa\u0107, nagrywa\u0107, rozmawia\u0107 z lud\u017ami, pozyskiwa\u0107 informacje? Do\u0142\u0105cz do goniec.info! Wsp\u00f3\u0142pracuj z goniec.info<\/p>\n","protected":false},"author":1,"featured_media":0,"parent":0,"menu_order":0,"comment_status":"closed","ping_status":"closed","template":"","meta":{"footnotes":""},"class_list":["post-3097","page","type-page","status-publish","hentry"],"blocksy_meta":{"page_title_panel":"","has_hero_section":"disabled","9dad8f631ace193755e5712efd9714a6":"","hero_section":"type-1","hero_elements":[{"id":"custom_title","enabled":true,"heading_tag":"h1","title":"Home"},{"id":"custom_description","enabled":true,"description_visibility":{"desktop":true,"tablet":true,"mobile":false}},{"id":"custom_meta","enabled":false,"meta_elements":[{"id":"author","enabled":true,"label":"By","has_author_avatar":"yes","avatar_size":25},{"id":"post_date","enabled":true,"label":"On","date_format_source":"default","date_format":"M j, Y"},{"id":"comments","enabled":true}],"page_meta_elements":{"joined":true,"articles_count":true,"comments":true}},{"id":"breadcrumbs","enabled":false}],"10718d59018f557af90dfeaf23a39658":"","hero_alignment1":"left","hero_alignment2":"center","hero_vertical_alignment":"center","ecb220f600a0cbb00d37673beecfad6b":"","hero_structure":"narrow","bdefc77aa7a233f13e3f7f823f3a7004":"","page_title_bg_type":"featured_image","custom_hero_background":{"attachment_id":null},"parallax":{"desktop":false,"tablet":false,"mobile":false},"094dc78d23e1d39855993b2f9b5ad59c":"","hero_height":"230px","pageTitleFont":{"family":"Default","variation":"Default","size":{"desktop":"32px","tablet":"30px","mobile":"25px"},"line-height":"1.3","letter-spacing":"CT_CSS_SKIP_RULE","text-transform":"CT_CSS_SKIP_RULE","text-decoration":"CT_CSS_SKIP_RULE"},"pageTitleFontColor":{"default":{"color":"CT_CSS_SKIP_RULEDEFAULT"}},"pageMetaFont":{"family":"Default","variation":"n6","size":{"desktop":"12px","tablet":"12px","mobile":"12px"},"line-height":"1.3","letter-spacing":"CT_CSS_SKIP_RULE","text-transform":"uppercase","text-decoration":"CT_CSS_SKIP_RULE"},"pageMetaFontColor":{"default":{"color":"CT_CSS_SKIP_RULEDEFAULT"},"hover":{"color":"CT_CSS_SKIP_RULEDEFAULT"}},"pageExcerptFont":{"family":"Default","variation":"n5","size":"CT_CSS_SKIP_RULE","line-height":"CT_CSS_SKIP_RULE","letter-spacing":"CT_CSS_SKIP_RULE","text-transform":"CT_CSS_SKIP_RULE","text-decoration":"CT_CSS_SKIP_RULE"},"pageExcerptColor":{"default":{"color":"CT_CSS_SKIP_RULEDEFAULT"}},"breadcrumbsFont":{"family":"Default","variation":"n6","size":"12px","line-height":"CT_CSS_SKIP_RULE","letter-spacing":"CT_CSS_SKIP_RULE","text-transform":"uppercase","text-decoration":"CT_CSS_SKIP_RULE"},"breadcrumbsFontColor":{"default":{"color":"CT_CSS_SKIP_RULEDEFAULT"},"initial":{"color":"CT_CSS_SKIP_RULEDEFAULT"},"hover":{"color":"CT_CSS_SKIP_RULEDEFAULT"}},"pageTitleOverlay":{"default":{"color":"rgba(41, 51, 60, 0.2)"}},"pageTitleBackground":{"background_type":"color","background_pattern":"type-1","background_image":{"attachment_id":null,"x":0,"y":0},"background_repeat":"no-repeat","background_size":"auto","background_attachment":"scroll","patternColor":{"default":{"color":"#e5e7ea"}},"backgroundColor":{"default":{"color":"#EDEFF2"}}},"cb6e33e392d12c50e8ca8328c1e2f430":"","page_structure_type":"default","content_style":"inherit","vertical_spacing_source":"custom","content_area_spacing":"bottom","background":{"background_type":"color","background_pattern":"type-1","background_image":{"attachment_id":null,"x":0,"y":0},"background_repeat":"no-repeat","background_size":"auto","background_attachment":"scroll","patternColor":{"default":{"color":"#e5e7ea"}},"backgroundColor":{"default":{"color":"CT_CSS_SKIP_RULE"}}},"content_background":{"background_type":"color","background_pattern":"type-1","background_image":{"attachment_id":null,"x":0,"y":0},"background_repeat":"no-repeat","background_size":"auto","background_attachment":"scroll","patternColor":{"default":{"color":"#e5e7ea"}},"backgroundColor":{"default":{"color":"#ffffff"}}},"content_boxed_spacing":{"desktop":"40px","tablet":"35px","mobile":"20px"},"content_boxed_radius":{"top":"3px","bottom":"3px","left":"3px","right":"3px","linked":true},"content_boxed_shadow":{"blur":18,"spread":-6,"v_offset":12,"h_offset":0,"inset":false,"enable":true,"color":{"color":"rgba(34, 56, 101, 0.04)"}},"b74da0a2ba3bc24dcb09eb2e9153fdb9":"","disable_featured_image":"no","disable_header":"no","disable_footer":"no","styles_descriptor":{"styles":{"desktop":"","tablet":"","mobile":""},"google_fonts":[],"version":6}},"_links":{"self":[{"href":"https:\/\/Goniec.INFO\/index.php?rest_route=\/wp\/v2\/pages\/3097","targetHints":{"allow":["GET"]}}],"collection":[{"href":"https:\/\/Goniec.INFO\/index.php?rest_route=\/wp\/v2\/pages"}],"about":[{"href":"https:\/\/Goniec.INFO\/index.php?rest_route=\/wp\/v2\/types\/page"}],"author":[{"embeddable":true,"href":"https:\/\/Goniec.INFO\/index.php?rest_route=\/wp\/v2\/users\/1"}],"replies":[{"embeddable":true,"href":"https:\/\/Goniec.INFO\/index.php?rest_route=%2Fwp%2Fv2%2Fcomments&post=3097"}],"version-history":[{"count":0,"href":"https:\/\/Goniec.INFO\/index.php?rest_route=\/wp\/v2\/pages\/3097\/revisions"}],"wp:attachment":[{"href":"https:\/\/Goniec.INFO\/index.php?rest_route=%2Fwp%2Fv2%2Fmedia&parent=3097"}],"curies":[{"name":"wp","href":"https:\/\/api.w.org\/{rel}","templated":true}]}}